u - 24. Suppose 5*f - 38 = 2*v, f - 40 = 4*v - 0*f. What are the prime factors of m(v)?
23
Suppose -8 = -2*g + 4. Suppose -2*n = -g*n + 116. List the prime factors of 38/19 - (-1 - n).
2
Let u be 0 + 9 - (1 + -4). Let c be u*((-15)/6 + 3). Suppose a - c*a = -140. What are the prime factors of a?
2, 7
Let b(s) = -9 - 1 + 8 - 6*s - s. List the prime factors of b(-9).
61
Let b(j) = 2*j**2 + 82*j + 79. List the prime factors of b(-54).
1483
Let f(c) = c**2 - 2*c - 2. Let u be f(3). Let p(n) = -n**2 + 20*n**2 + n + 6*n**2. List the prime factors of p(u).
2, 13
Let g be ((-10)/(-3))/(8/12). Suppose 0 = g*c - 4*u - 12, 5 - 1 = 2*u. List the prime factors of 1 + (2 + 150)/c.
3, 13
Let v be (((-4)/(-2))/6)/(2/12). List the prime factors of (-7)/((-14)/156) - v.
2, 19
Let k be ((-8)/(-10))/((-1)/(-190)). Suppose -5*i + 3*i + k = 0. Suppose 0 = 2*f + q - i, 144 = 4*f - 0*q - 2*q. What are the prime factors of f?
37
Let n = -4 + 10. What are the prime factors of (n - 2) + 0 - -243?
13, 19
Let t(h) = -h**3 + 4*h**2 + h - 1. Let q be t(2). Let i = q - 17. Let k(o) = o**3 + 8*o**2 - 2*o + 5. List the prime factors of k(i).
3, 7
Let b be (-3)/4*16/(-6). Let y(m) = 45*m + 2. Let k be y(b). Suppose 0 = -2*i - 18 + k. List the prime factors of i.
37
Let j(n) = 4*n**3 + 8*n**2 - 6*n - 1. What are the prime factors of j(4)?
359
Let i(w) = -29*w**3 + 4*w + 2. Let b be i(-1). Suppose -o = -b - 42. What are the prime factors of o?
3, 23
Let x(h) = -13*h - 12. Let j be x(-4). Suppose q - 7 = -2*l, 2*l + 0*l = -4*q + 4. Suppose p + 5*m + 13 = 0, 8*p + l*m = 3*p + j. List the prime factors of p.
2, 3
Let t(a) = -2*a**3 + a**2 + 4*a + 3641. List the prime factors of t(0).
11, 331
Suppose -m + 9*i = 13*i - 673, 8 = 2*i. List the prime factors of m.
3, 73
Let o(u) = u**2 + 3*u. Let h be o(-4). Let z be (-192)/(-4)*(-1 + h). Suppose 6*k = -0*k + z. List the prime factors of k.
2, 3
Let c(s) = s**3 - 4*s**2 + s - 4. Suppose -5*t = 2*b + b - 25, -b + 2*t = -1. List the prime factors of c(b).
2, 13
Let y(l) = l**3 - 4*l**2 + 9*l - 3. Let x be y(6). Suppose s + 95 = 5*g, 3*s + 2*g - x = -340. Let r = s - -107. List the prime factors of r.
2
Let g = 68 + -107. Let v = g + 43. Suppose 0 = -n - v*f + 64, 7*n - 2*n - 263 = -f. List the prime factors of n.
2, 13
Let j(p) = -47*p**2 + 7*p - 27. Let y(k) = -23*k**2 + 4*k - 14. Let i(b) = 3*j(b) - 7*y(b). List the prime factors of i(3).
2, 11
Let k = -14 + 15. Suppose k + 2 = u. What are the prime factors of u?
3
Suppose 2*g + 6 = -2*l + 70, -2*g + 2*l + 60 = 0. Suppose -v + 72 = 3*n - g, -5*v = -4*n - 496. List the prime factors of v.
2, 5
Let g(s) = 2*s + 2. Let d be g(-6). Let r = d + 33. List the prime factors of 4/(8/(-6)) + r.
2, 5
Let k = -9 - -3. What are the prime factors of (-2 - 1528/16)*k/5?
3, 13
Suppose 13*c + 33*c - 31924 = 0. List the prime factors of c.
2, 347
List the prime factors of 268 - (4 - 4 - 4).
2, 17
Let c(l) = -l**2 + 5*l + 5. Let y be c(6). Let t = 5 + y. Suppose 0 = 4*d - t, 187 = 5*i - 5*d + 52. List the prime factors of i.
2, 7
List the prime factors of 7/(14/932) + (1 - 4).
463
Let x(k) be the first derivative of -k**3/3 + k**2/2 + k - 13. Let i be x(6). Let h = -6 - i. List the prime factors of h.
23
Suppose -3*y = g - 3540 - 4172, 7710 = 3*y + 3*g. List the prime factors of y.
3, 857
Let c(t) = -3*t**3 + 3*t**2 + t - 1. Let f be c(-1). Suppose f*v = v - 240. Let n = -46 - v. What are the prime factors of n?
2, 17
Let j = -17 - -20. Suppose 12 = 3*z, 3*l = -0*z + j*z + 51. Suppose l - 1 = n - 4*o, -2*n + 100 = 4*o. What are the prime factors of n?
2, 5
Suppose 5*f + 2*p - p - 452 = 0, 191 = 2*f - 3*p. Suppose -u + 17 = -f. Let v = u + -66. List the prime factors of v.
2, 3, 7
Suppose -3*a + 7 = c, -2*a - 12 = -7*a - 2*c. Let f(s) = -9*s**2 - 4*s - s**3 + 3*s - a + 0*s + 0*s. List the prime factors of f(-9).
7
Let c be -9 - ((1 - 2) + 1). Let a = -8 - c. Suppose -2*w + 5 - a = 0. List the prime factors of w.
2
Let v = 100 - 175. List the prime factors of (-30)/v - (-283)/5.
3, 19
Let g be (-230)/18 + 10/(-45). Let w = 16 + g. Suppose u - 3*r + 148 = 6*u, -w*u = -r - 100. What are the prime factors of u?
2
Let z = 540 - 122. What are the prime factors of z?
2, 11, 19
Let a(h) = 8*h**2 - 5*h - 3. Suppose -5*d + 18 = -9*y + 6*y, -5*d = y - 14. List the prime factors of a(y).
2, 5
Let o(r) = r**3 - 2*r**2 + r + 1. Let n be o(3). Suppose 17 + n = -3*k. Let g = k + 38. What are the prime factors of g?
2, 7
Suppose 5*c - 4 = -q, 0*c - c - 60 = 4*q. What are the prime factors of q/48 - 304/(-3)?
101
Suppose 27*a - 28*a = 32. Let w = 107 + a. What are the prime factors of w?
3, 5
Let r = 5459 + -661. List the prime factors of r.
2, 2399
Let n(u) = -74*u**3 + 3*u**2 - 16. List the prime factors of n(-3).
7, 41
Let h(q) = -3*q + 37. Let r(j) = j**2 - 5*j - 12. Let m be r(4). List the prime factors of h(m).
5, 17
Let v(j) be the first derivative of 3/2*j**2 + 4 - 5*j. What are the prime factors of v(4)?
7
Let h = -1179 - -1882. What are the prime factors of h?
19, 37
Let a(n) = -n**2 + 2*n + 40. Let g(y) = 3 - 4 + 0 + 2*y**2 + y**3. Let f be g(-1). What are the prime factors of a(f)?
2, 5
Let t = -412 - -204. Let v = 395 + t. What are the prime factors of v?
11, 17
Let i(w) = w**3 + 6*w**2 - 4*w - 9. Let t be i(-6). Let p = t + -17. List the prime factors of 2 + 19 + p/1.
19
Let d = 264 + 1067. What are the prime factors of d?
11
Let p(j) = j**3 - 2*j**2 + 8*j. What are the prime factors of p(4)?
2
Let o = -6140 - -10850. List the prime factors of o.
2, 3, 5, 157
Let c = 35 + -60. Let y = c + 23. What are the prime factors of (77/21)/(y/(-6))?
11
Let x = -6 - -8. Let p be 13/(-6) + 1/6. List the prime factors of x*1/p - -9.
2
Let v = 1 + 1. Suppose 0*t + 12 = 2*g - 2*t, g + 2*t = 0. Suppose 5*y = 15, -2*q + g*y = v*q - 44. What are the prime factors of q?
2, 7
Let k be (3/2)/(3/4) - 3. What are the prime factors of 104 - (k - 0) - 4/2?
103
Suppose -119 - 16 = -5*l. Let f = 101 - l. What are the prime factors of f?
2, 37
Let u(w) = 199*w**3 - 2*w**2 + 3*w - 2. What are the prime factors of u(1)?
2, 3, 11
Let z(y) = y**2 + 2*y - 3. Let g be z(2). Suppose -2*l + 62 = 4*k, -4*l + g*k + 21 = -103. List the prime factors of l.
31
Let r(x) be the third derivative of -19*x**6/360 - x**5/60 - 5*x**4/24 - x**2. Let f(u) be the second derivative of r(u). What are the prime factors of f(-1)?
2, 3
Let s be (4 - (1 - -1))*-1. Let o = s - -3. Let f = 18 - o. List the prime factors of f.
17
Let z = 11 - 9. Let k(r) = 6*r**2 - z*r**2 - 5 + 6*r - 2*r**2 - 3. List the prime factors of k(-6).
2, 7
Let v = 11 - 8. Suppose -v*j - 2*j + 20 = 0. Suppose -2*c + 5 = -f, 14 = -2*f + j*c + c. What are the prime factors of f?
3
Suppose -5*l + 4599 = -1721. What are the prime factors of l?
2, 79
Let i = 521 + -519. Suppose -3*u + 75 = -2*u - g, 0 = 3*u + 2*g - 205. Suppose 0 = -5*n + 2*x + 343, -u = -0*n - n - i*x. What are the prime factors of n?
3, 23
Let c(r) = r**3 - 6*r**2 + 5*r + 3. Let s be c(5). Suppose -28 = -5*a - g + 2*g, -s*a = -3*g - 12. What are the prime factors of a?
2, 3
Let f(i) = 20*i**3 + 11*i**2 + 13*i + 1. Let v(m) = 41*m**3 + 21*m**2 + 25*m + 2. Let z(r) = 11*f(r) - 6*v(r). What are the prime factors of z(-2)?
3, 67
Let o(g) = g**2 + 13*g + 12. Let d be o(-5). List the prime factors of 0 + (-202)/(-3) + d/(-42).
2, 17
Suppose -10*b + 5544 = -6*b. Suppose -b = -13*z - 21. What are the prime factors of z?
3, 5, 7
Suppose -3*p = q + q - 377, 5*p - 5*q = 620. Suppose 5*v + 3*x = 635, 0 = v + x - p - 0. List the prime factors of v.
2, 5, 13
Let o(c) = c**2 + 3*c + 2 + 2*c + 5*c - 11*c. List the prime factors of o(0).
2
Suppose -2*g + 686 = -3*h - 3499, 4*h = g - 2080. What are the prime factors of g?
2, 3, 5, 7
Let k(i) = -33*i + 7. Let c(z) = z - 1. Let y(l) = -6*c(l) - k(l). Let x be y(3). Let f = x + -46. What are the prime factors of f?
2, 17
Let n = -2 - -9. Let h = n - 2. Suppose -24 = -h*y + y. What are the prime factors of y?
2, 3
Suppose -216 - 44 = -m. Suppose c = -0*d + d - 88, -4*c = -3*d + m. Let k = d + -61. List the prime factors of k.
31
Let u be -267*4/14*7/3. List the prime factors of u/(3*(-6)/27).
3, 89
Suppose -21*r - 3052 = -25*r. What are the prime factors of r?
7, 109
Let s(d) = 4*d - 9. Let j be s